ate the remainder when 2825 is divided by 860.
245
Calculate the remainder when 159059 is divided by 482.
481
Calculate the remainder when 243467 is divided by 81148.
23
Calculate the remainder when 10352 is divided by 48.
32
Calculate the remainder when 10940 is divided by 19.
15
What is the remainder when 3976 is divided by 1551?
874
What is the remainder when 46750 is divided by 92?
14
Calculate the remainder when 268838 is divided by 55.
53
Calculate the remainder when 625023 is divided by 608.
607
What is the remainder when 21625 is divided by 150?
25
What is the remainder when 17093 is divided by 5697?
2
Calculate the remainder when 14906 is divided by 64.
58
Calculate the remainder when 70387 is divided by 35171.
45
Calculate the remainder when 12331 is divided by 3734.
1129
What is the remainder when 66433 is divided by 175?
108
What is the remainder when 41614 is divided by 770?
34
Calculate the remainder when 44752 is divided by 678.
4
Calculate the remainder when 82924 is divided by 10365.
4
What is the remainder when 3200 is divided by 123?
2
What is the remainder when 7200 is divided by 33?
6
What is the remainder when 87177 is divided by 7925?
2
What is the remainder when 33639 is divided by 534?
531
What is the remainder when 41485 is divided by 741?
730
Calculate the remainder when 2887 is divided by 262.
5
Calculate the remainder when 59488 is divided by 1647.
196
Calculate the remainder when 4581 is divided by 790.
631
What is the remainder when 52965 is divided by 77?
66
What is the remainder when 26924 is divided by 63?
23
What is the remainder when 29692 is divided by 4222?
138
Calculate the remainder when 2841 is divided by 1138.
565
Calculate the remainder when 89230 is divided by 143.
141
What is the remainder when 78450 is divided by 133?
113
Calculate the remainder when 70828 is divided by 107.
101
What is the remainder when 1090 is divided by 507?
76
Calculate the remainder when 33298 is divided by 90.
88
What is the remainder when 379 is divided by 186?
7
What is the remainder when 7544 is divided by 538?
12
Calculate the remainder when 10806 is divided by 3409.
579
Calculate the remainder when 5395085 is divided by 162.
161
Calculate the remainder when 74527 is divided by 272.
271
Calculate the remainder when 167957 is divided by 34.
31
What is the remainder when 1756952 is divided by 47?
45
What is the remainder when 1548 is divided by 555?
438
Calculate the remainder when 4238384 is divided by 15.
14
Calculate the remainder when 5165 is divided by 1720.
5
Calculate the remainder when 15031 is divided by 31.
27
Calculate the remainder when 368277 is divided by 24551.
12
What is the remainder when 778 is divided by 135?
103
Calculate the remainder when 42551 is divided by 42292.
259
What is the remainder when 174042 is divided by 15821?
11
Calculate the remainder when 374613 is divided by 473.
470
Calculate the remainder when 53060 is divided by 45.
5
What is the remainder when 55020 is divided by 18339?
3
Calculate the remainder when 1980589 is divided by 660195.
4
What is the remainder when 8907 is divided by 234?
15
Calculate the remainder when 97330 is divided by 32425.
55
Calculate the remainder when 43185 is divided by 61.
58
Calculate the remainder when 22609 is divided by 359.
351
Calculate the remainder when 8244 is divided by 174.
66
Calculate the remainder when 123437 is divided by 18.
11
Calculate the remainder when 13606 is divided by 14.
12
Calculate the remainder when 234302 is divided by 523.
521
What is the remainder when 112812 is divided by 60?
12
Calculate the remainder when 337031 is divided by 272.
23
Calculate the remainder when 307151 is divided by 237.
236
What is the remainder when 13312 is divided by 1593?
568
What is the remainder when 36539 is divided by 174?
173
What is the remainder when 794296 is divided by 788?
780
What is the remainder when 5948 is divided by 34?
32
What is the remainder when 118709 is divided by 205?
14
What is the remainder when 34119 is divided by 4264?
7
Calculate the remainder when 1317832 is divided by 808.
792
What is the remainder when 173326 is divided by 46?
44
Calculate the remainder when 24336 is divided by 104.
0
Calculate the remainder when 140760 is divided by 22.
4
What is the remainder when 5063 is divided by 1237?
115
What is the remainder when 6083 is divided by 79?
0
Calculate the remainder when 54974 is divided by 20.
14
Calculate the remainder when 3618 is divided by 423.
234
What is the remainder when 421827 is divided by 218?
215
What is the remainder when 203445 is divided by 34?
23
Calculate the remainder when 15582 is divided by 3116.
2
What is the remainder when 2269 is divided by 747?
28
What is the remainder when 84125 is divided by 352?
349
What is the remainder when 144585 is divided by 1291?
1284
What is the remainder when 17465 is divided by 523?
206
Calculate the remainder when 2490 is divided by 670.
480
Calculate the remainder when 2373281 is divided by 17.
13
Calculate the remainder when 1692 is divided by 295.
217
Calculate the remainder when 7591 is divided by 1740.
631
What is the remainder when 4139 is divided by 3761?
378
Calculate the remainder when 53259 is divided by 288.
267
What is the remainder when 2845 is divided by 150?
145
What is the remainder when 366 is divided by 285?
81
Calculate the remainder when 317473 is divided by 5.
3
What is the remainder when 1792 is divided by 469?
385
Calculate the remainder when 3538 is divided by 806.
314
Calculate the remainder when 9654 is divided by 92.
86
What is the remainder when 5857 is divided by 5730?
127
What is the remainder when 2279 is divided by 542?
111
Calculate the remainder when 46158 is divided by 314.
0
What is the remainder when 2254 is divided by 555?
34
What is the remainder when 244311 is divided by 5311?
5
Calculate the remainder when 1825 is divided by 329.
180
What is the remainder when 5261 is divided by 35?
11
Calculate the remainder when 364453 is divided by 394.
3
Calculate the remainder when 10711 is divided by 5.
1
What is the remainder when 15141 is divided by 7548?
45
What is the remainder when 1638808 is divided by 758?
12
Calculate the remainder when 96104 is divided by 154.
8
What is the remainder when 2551120 is divided by 794?
792
Calculate the remainder when 153183 is divided by 726.
723
Calculate the remainder when 66708 is divided by 10.
8
Calculate the remainder when 127783 is divided by 11.
7
What is the remainder when 5052 is divided by 13?
8
What is the remainder when 122790 is divided by 61359?
72
Calculate the remainder when 1738 is divided by 351.
334
What is the remainder when 23000 is divided by 338?
16
What is the remainder when 12043 is divided by 280?
3
What is the remainder when 1149 is divided by 1061?
88
What is the remainder when 26676 is divided by 533?
26
Calculate the remainder when 77181 is divided by 48.
45
Calculate the remainder when 2236 is divided by 2224.
12
What is the remainder when 2188888 is divided by 165?
163
Calculate the remainder when 77920 is divided by 3705.
115
What is the remainder when 19783 is divided by 9889?
5
Calculate the remainder when 31506 is divided by 1260.
6
Calculate the remainder when 42136 is divided by 508.
480
Calculate the remainder when 7356 is divided by 8.
4
Calculate the remainder when 1778 is divided by 758.
262
What is the remainder when 26933 is divided by 259?
256
Calculate the remainder when 9536 is divided by 477.
473
Calculate the remainder when 2927 is divided by 103.
43
Calculate the remainder when 1042 is divided by 224.
146
Calculate the remainder when 1710 is divided by 16.
14
What is the remainder when 18858 is divided by 18840?
18
Calculate the remainder when 1547709 is divided by 515900.
9
Calculate the remainder when 25182 is divided by 1411.
1195
Calculate the remainder when 26229 is divided by 190.
9
What is the remainder when 34665 is divided by 31?
7
What is the remainder when 883 is divided by 56?
43
Calculate the remainder when 3372 is divided by 99.
6
Calculate the remainder when 63612 is divided by 1413.
27
Calculate the remainder when 37446 is divided by 31.
29
What is the remainder when 12413 is divided by 777?
758
Calculate the remainder when 312